 is the remainder when 5 is divided by 4?
1
Calculate the remainder when 143 is divided by 38.
29
Calculate the remainder when 162 is divided by 63.
36
Calculate the remainder when 284 is divided by 22.
20
Calculate the remainder when 876 is divided by 62.
8
What is the remainder when 3832 is divided by 3823?
9
Calculate the remainder when 47 is divided by 19.
9
Calculate the remainder when 89 is divided by 10.
9
Calculate the remainder when 203 is divided by 54.
41
Calculate the remainder when 106 is divided by 39.
28
What is the remainder when 319 is divided by 8?
7
What is the remainder when 574 is divided by 32?
30
What is the remainder when 82 is divided by 22?
16
Calculate the remainder when 492 is divided by 99.
96
Calculate the remainder when 316 is divided by 101.
13
What is the remainder when 887 is divided by 127?
125
What is the remainder when 5880 is divided by 55?
50
Calculate the remainder when 1395 is divided by 81.
18
Calculate the remainder when 1285 is divided by 117.
115
Calculate the remainder when 34 is divided by 32.
2
What is the remainder when 5353 is divided by 61?
46
Calculate the remainder when 67 is divided by 32.
3
What is the remainder when 346 is divided by 30?
16
What is the remainder when 570 is divided by 48?
42
What is the remainder when 1796 is divided by 31?
29
Calculate the remainder when 223 is divided by 16.
15
Calculate the remainder when 200 is divided by 8.
0
Calculate the remainder when 188 is divided by 16.
12
What is the remainder when 273 is divided by 46?
43
Calculate the remainder when 216 is divided by 97.
22
What is the remainder when 6837 is divided by 76?
73
Calculate the remainder when 944 is divided by 34.
26
What is the remainder when 1287 is divided by 271?
203
What is the remainder when 1090 is divided by 28?
26
Calculate the remainder when 1999 is divided by 13.
10
What is the remainder when 2351 is divided by 262?
255
What is the remainder when 135 is divided by 48?
39
What is the remainder when 145 is divided by 52?
41
Calculate the remainder when 318 is divided by 160.
158
What is the remainder when 242 is divided by 241?
1
What is the remainder when 148 is divided by 8?
4
Calculate the remainder when 442 is divided by 116.
94
What is the remainder when 199 is divided by 21?
10
What is the remainder when 420 is divided by 68?
12
What is the remainder when 128 is divided by 43?
42
What is the remainder when 32 is divided by 16?
0
Calculate the remainder when 424 is divided by 61.
58
Calculate the remainder when 816 is divided by 219.
159
Calculate the remainder when 631 is divided by 50.
31
What is the remainder when 171 is divided by 73?
25
What is the remainder when 15 is divided by 5?
0
Calculate the remainder when 7137 is divided by 83.
82
What is the remainder when 35 is divided by 6?
5
What is the remainder when 154 is divided by 130?
24
What is the remainder when 1442 is divided by 242?
232
Calculate the remainder when 47 is divided by 18.
11
What is the remainder when 7694 is divided by 74?
72
What is the remainder when 65 is divided by 30?
5
Calculate the remainder when 36 is divided by 26.
10
What is the remainder when 3342 is divided by 22?
20
What is the remainder when 178 is divided by 29?
4
What is the remainder when 4363 is divided by 28?
23
What is the remainder when 173 is divided by 61?
51
Calculate the remainder when 103 is divided by 95.
8
What is the remainder when 552 is divided by 86?
36
Calculate the remainder when 1217 is divided by 250.
217
What is the remainder when 171 is divided by 92?
79
What is the remainder when 9283 is divided by 1854?
13
What is the remainder when 2008 is divided by 74?
10
Calculate the remainder when 181 is divided by 46.
43
Calculate the remainder when 535 is divided by 15.
10
What is the remainder when 108 is divided by 23?
16
What is the remainder when 835 is divided by 14?
9
Calculate the remainder when 163 is divided by 42.
37
What is the remainder when 148 is divided by 61?
26
What is the remainder when 3494 is divided by 184?
182
Calculate the remainder when 214 is divided by 9.
7
Calculate the remainder when 611 is divided by 305.
1
Calculate the remainder when 304 is divided by 5.
4
Calculate the remainder when 94 is divided by 17.
9
Calculate the remainder when 11219 is divided by 62.
59
Calculate the remainder when 106 is divided by 54.
52
What is the remainder when 1574 is divided by 411?
341
Calculate the remainder when 221 is divided by 8.
5
Calculate the remainder when 248 is divided by 32.
24
What is the remainder when 360 is divided by 53?
42
Calculate the remainder when 1348 is divided by 90.
88
Calculate the remainder when 170 is divided by 88.
82
What is the remainder when 661 is divided by 33?
1
What is the remainder when 48 is divided by 2?
0
Calculate the remainder when 62 is divided by 7.
6
Calculate the remainder when 65 is divided by 7.
2
Calculate the remainder when 575 is divided by 101.
70
What is the remainder when 239 is divided by 61?
56
Calculate the remainder when 13419 is divided by 220.
219
What is the remainder when 1711 is divided by 143?
138
What is the remainder when 21 is divided by 8?
5
Calculate the remainder when 1585 is divided by 145.
135
What is the remainder when 456 is divided by 14?
8
What is the remainder when 896 is divided by 31?
28
What is the remainder when 219 is divided by 214?
5
What is the remainder when 9043 is divided by 68?
67
Calculate the remainder when 261 is divided by 67.
60
Calculate the remainder when 4566 is divided by 15.
6
What is the remainder when 569 is divided by 22?
19
What is the remainder when 100 is divided by 9?
1
Calculate the remainder when 5300 is divided by 93.
92
What is the remainder when 17685 is divided by 44?
41
Calculate the remainder when 2026 is divided by 168.
10
What is the remainder when 46 is divided by 24?
22
Calculate the remainder when 162 is divided by 45.
27
What is the remainder when 81 is divided by 33?
15
Calculate the remainder when 67 is divided by 47.
20
Calculate the remainder when 3223 is divided by 17.
10
What is the remainder when 311 is divided by 95?
26
What is the remainder when 810 is divided by 161?
5
What is the remainder when 173 is divided by 172?
1
Calculate the remainder when 1776 is divided by 589.
9
What is the remainder when 584 is divided by 65?
64
What is the remainder when 162 is divided by 35?
22
Calculate the remainder when 237 is divided by 12.
9
What is the remainder when 307 is divided by 260?
47
What is the remainder when 118 is divided by 25?
18
What is the remainder when 64 is divided by 6?
4
Calculate the remainder when 401 is divided by 134.
133
Calculate the remainder when 845 is divided by 7.
5
Calculate the remainder when 6 is divided by 1.
0
Calculate the remainder when 1884 is divided by 15.
9
What is the remainder when 570 is divided by 144?
138
What is the remainder when 2562 is divided by 2553?
9
What is the remainder when 4 is divided by 2?
0
Calculate the remainder when 5703 is divided by 8.
7
What is the remainder when 1375 is divided by 7?
3
What is the remainder when 90 is divided by 31?
28
What is the remainder when 735 is divided by 11?
9
Calculate the remainder when 5175 is divided by 33.
27
Calculate the remainder when 365 is divided by 31.
24
Calculate the remainder when 58 is divided by 16.
10
Calculate the remainder when 337 is divided by 20.
17
Calculate the remainder when 61 is divided by 22.
17
What is the remainder when 3097 is divided by 141?
136
What is the remainder when 111 is divided by 4?
3
Calculate the remainder when 388 is divided by 13.
11
What is the remainder when 303 is divided by 101?
0
Calculate the remainder when 56 is divided by 17.
5
Calculate the remainder when 2187 is divided by 9.
0
What is the remainder when 408 is divided by 203?
2
What is the remainder when 2441 is divided by 52?
49
Calculate the remainder when 1420 is divided by 82.
26
What is the remainder when 259 is divided by 65?
64
What is the remainder when 345 is divided by 88?
81
What is the remainder when 499 is divided by 72?
67
Calculate the remainder when 1709 is divided by 6.
5
Calculate the remainder when 788 is divided by 15.
8
Calculate the remainder when 544 is divided by 143.